the units digit of 2134298940?
0
What is the hundreds digit of 4523585170?
1
What is the ten thousands digit of 286865581?
6
What is the ten millions digit of 56804057?
5
What is the ten thousands digit of 3264922153?
2
What is the units digit of 852976910?
0
What is the units digit of 1180270?
0
What is the tens digit of 227744419?
1
What is the tens digit of 47674760?
6
What is the hundreds digit of 12913085?
0
What is the hundred thousands digit of 2802433?
8
What is the thousands digit of 20258639?
8
What is the millions digit of 22296222?
2
What is the millions digit of 1826929770?
6
What is the hundred millions digit of 1010931521?
0
What is the tens digit of 772714912?
1
What is the ten millions digit of 645197660?
4
What is the hundred millions digit of 605086515?
6
What is the tens digit of 332475699?
9
What is the thousands digit of 1260674179?
4
What is the thousands digit of 5946203859?
3
What is the hundred thousands digit of 212657447?
6
What is the hundreds digit of 13130266?
2
What is the hundreds digit of 131627523?
5
What is the ten millions digit of 90072007?
9
What is the ten thousands digit of 179512010?
1
What is the hundred millions digit of 138400097?
1
What is the hundred thousands digit of 1326824201?
8
What is the hundred thousands digit of 12922210?
9
What is the billions digit of 1746952771?
1
What is the hundred thousands digit of 48249169?
2
What is the thousands digit of 254501234?
1
What is the hundreds digit of 94139171?
1
What is the thousands digit of 63779421?
9
What is the billions digit of 1708361258?
1
What is the hundred thousands digit of 574423829?
4
What is the hundreds digit of 38175128?
1
What is the millions digit of 4532471684?
2
What is the hundred thousands digit of 92379740?
3
What is the ten thousands digit of 345980177?
8
What is the ten millions digit of 13812358?
1
What is the millions digit of 1410332681?
0
What is the hundred millions digit of 1021379644?
0
What is the hundred millions digit of 387617836?
3
What is the millions digit of 4878750636?
8
What is the ten thousands digit of 212917170?
1
What is the hundred millions digit of 186533410?
1
What is the units digit of 683732001?
1
What is the hundred thousands digit of 569377436?
3
What is the hundred millions digit of 2358094417?
3
What is the millions digit of 174879843?
4
What is the thousands digit of 325502060?
2
What is the units digit of 152218245?
5
What is the hundred thousands digit of 124186966?
1
What is the billions digit of 2152404734?
2
What is the millions digit of 36106254?
6
What is the thousands digit of 98576776?
6
What is the units digit of 24096024?
4
What is the hundred thousands digit of 1027919000?
9
What is the hundreds digit of 30497842?
8
What is the hundreds digit of 48599567?
5
What is the ten thousands digit of 3193236260?
3
What is the ten thousands digit of 30964956?
6
What is the ten millions digit of 543314659?
4
What is the hundred thousands digit of 68650337?
6
What is the ten thousands digit of 4948488984?
8
What is the tens digit of 584072431?
3
What is the hundred millions digit of 271202984?
2
What is the thousands digit of 462985309?
5
What is the hundred thousands digit of 219240491?
2
What is the hundred thousands digit of 2526652195?
6
What is the ten millions digit of 1860010161?
6
What is the thousands digit of 859636939?
6
What is the thousands digit of 68413125?
3
What is the hundred thousands digit of 7359858?
3
What is the thousands digit of 7222332?
2
What is the thousands digit of 554280991?
0
What is the units digit of 76194827?
7
What is the hundreds digit of 1128700012?
0
What is the millions digit of 1367515259?
7
What is the units digit of 3940690542?
2
What is the ten thousands digit of 4332728379?
2
What is the hundred thousands digit of 239506992?
5
What is the thousands digit of 87826437?
6
What is the thousands digit of 1110556935?
6
What is the tens digit of 198186578?
7
What is the thousands digit of 223962473?
2
What is the tens digit of 170371698?
9
What is the ten millions digit of 2962046045?
6
What is the hundred millions digit of 361012551?
3
What is the hundreds digit of 398682168?
1
What is the hundred thousands digit of 3396961193?
9
What is the ten millions digit of 77388385?
7
What is the hundred thousands digit of 505332509?
3
What is the thousands digit of 66586427?
6
What is the units digit of 465375212?
2
What is the hundreds digit of 167849427?
4
What is the hundreds digit of 753261520?
5
What is the hundred millions digit of 468095013?
4
What is the hundreds digit of 331652022?
0
What is the hundred thousands digit of 4107161?
1
What is the thousands digit of 39825253?
5
What is the hundred thousands digit of 2663314688?
3
What is the hundreds digit of 1978065049?
0
What is the millions digit of 10528800?
0
What is the tens digit of 219041820?
2
What is the millions digit of 3995816?
3
What is the units digit of 125852669?
9
What is the thousands digit of 154979619?
9
What is the hundreds digit of 628123950?
9
What is the millions digit of 208582517?
8
What is the ten thousands digit of 78846631?
4
What is the ten millions digit of 877435426?
7
What is the ten thousands digit of 5805689316?
8
What is the units digit of 33548660?
0
What is the thousands digit of 527951138?
1
What is the units digit of 45146777?
7
What is the hundred thousands digit of 6598131?
5
What is the units digit of 758296947?
7
What is the billions digit of 1123376318?
1
What is the ten thousands digit of 255543823?
4
What is the hundreds digit of 2185029284?
2
What is the thousands digit of 117625012?
5
What is the hundred millions digit of 256981871?
2
What is the units digit of 68792548?
8
What is the ten thousands digit of 254107345?
0
What is the ten thousands digit of 269956900?
5
What is the hundreds digit of 17170191?
1
What is the units digit of 76156918?
8
What is the thousands digit of 562310754?
0
What is the thousands digit of 564496701?
6
What is the hundred thousands digit of 778475912?
4
What is the ten thousands digit of 58952990?
5
What is the billions digit of 3720168141?
3
What is the units digit of 27560001?
1
What is the ten millions digit of 128673038?
2
What is the thousands digit of 22507719?
7
What is the ten thousands digit of 177952240?
5
What is the ten millions digit of 189961228?
8
What is the thousands digit of 414571711?
1
What is the units digit of 50482385?
5
What is the ten thousands digit of 255037585?
3
What is the ten millions digit of 189192434?
8
What is the hundred thousands digit of 26424592?
4
What is the millions digit of 126886818?
6
What is the ten thousands digit of 41211849?
1
What is the thousands digit of 841100018?
0
What is the billions digit of 2093065029?
2
What is the hundreds digit of 33667794?
7
What is the ten millions digit of 2958764974?
5
What is the ten millions digit of 498934976?
9
What is the hundred thousands digit of 593912970?
9
What is the tens digit of 101337312?
1
What is the hundreds digit of 1778354362?
3
What is the ten millions digit of 408966671?
0
What is the hundred thousands digit of 80133948?
1
What is the ten millions digit of 83816492?
8
What is the hundred millions digit of 861528721?
8
What is the ten thousands digit of 52387449?
8
What is the thousands digit of 4267052465?
2
What is the billions digit of 6393869930?
6
What is the thousands digit of 221686231?
6
What is the hundreds digit of 624609317?
3
What is the ten thousands digit of 278341091?
4
What is the ten millions digit of 3365097209?
6
What is the thousands digit of 68432374?
2
What is the hundreds digit of 79851311?
3
What is the tens digit of 112484452?
5
What is the ten millions digit of 41956313?
4
What is the billions digit of 3313847627?
3
What is the ten millions digit of 989418536?
8
What is the tens digit of 43170618?
1
What is the hundreds digit of 26471058?
0
What is the hundred thousands digit of 63839047?
8
What is the millions digit of 60362904?
0
What is the millions digit of 100550938?
0
What is the hundred thousands digit of 2193477960?
4
What is the units digit of 849731351?
1
What is the hundred thousands digit of 334969513?
9
What is the ten thousands digit of 267535707?
3
What is the hundreds digit of 10020